(i) = i**3 - 1. Let u(w) = -q(w) + 5*y(w). Let v(h) = 3*h - 6. Let f be v(-6). Let r be (-4)/(-3)*f/(-32). Give u(r).
9
Let q(n) = n**3 + n. Let m be 9 - (-81)/(-9) - (0 - 0). Suppose -2*a - l + m*l = -3, -4*a - 4*l + 12 = 0. Calculate q(a).
0
Let m(f) be the second derivative of f**3/6 + 11*f**2/2 - f. Let n = 106 - 98. Suppose 3*b = -t - n, 6*t - 3*b + 12 = 3*t. Determine m(t).
6
Let q(h) = -1 + 0 + 92*h + 4 - 90*h. Determine q(-2).
-1
Let d(t) be the second derivative of 1/2*t**2 - 7*t + 0 - 1/3*t**3. Let y = 1 + 1. Give d(y).
-3
Let v(y) be the first derivative of -2 - y**2 - 13*y - 3*y**2 + 14*y - 6. Let z be 3/2 + (-1)/2. What is v(z)?
-7
Let z(y) = -y**3 - 3*y**2 + 3. Suppose 0 = 4*k + 6 + 6. Calculate z(k).
3
Let p(f) = -2*f + 1. Let q be 4/(-18) + 166/18. Suppose c + 3 = 4*c. Suppose -c = j + s, j + 2*s + s + q = 0. Determine p(j).
-5
Let n(u) = u**3 + u**2 + u - 1. Let k(h) = -5*h**3 - 4*h**2 - 3*h + 4. Let t(i) = k(i) + 2*n(i). What is t(2)?
-32
Let d(i) = i**2 + 10*i - 12. Suppose 0 = -8*g + 10*g - 98. Suppose 0 = -n - 4*n + 2*v - g, 0 = -n - 3*v - 20. Determine d(n).
-1
Let t(b) = 1 - 201*b + 209*b + 3. Calculate t(-1).
-4
Let g(l) = -l**3 - l**2 - l - 2. Suppose -4*s - s = 0. Let b be g(s). Let m(q) = -11*q + 1. Let f(u) = 29*u - 4. Let x(z) = -3*f(z) - 8*m(z). Calculate x(b).
2
Let f(s) = s**2 - 32*s - 134. Let k be f(36). Let r(a) = -a**2 + 11*a - 7. Give r(k).
3
Suppose -18 = -4*t + 2*m - 16, 2*t = 2*m - 2. Let h(p) = 3*p**2 - 2*p + 7. Determine h(t).
15
Suppose 2*b - 4*i + 10 = 0, -4*b - 5*i = -3*i. Let t be b*15/5 - -1. Let q(d) = d**3 + 2*d**2 - d + 1. Determine q(t).
3
Let t(q) = 4*q + 9. Let s(k) = k**2 - 9*k + 6. Let f be s(7). Calculate t(f).
-23
Let q(l) be the third derivative of -l**6/120 - 3*l**5/20 + 3*l**4/8 + l**3/3 - 158*l**2 - l. Calculate q(-10).
12
Let n(t) be the second derivative of 5*t + 0*t**2 + 1/360*t**6 - 1/3*t**3 - 1/120*t**5 - 1/4*t**4 + 0. Let x(w) be the second derivative of n(w). What is x(0)?
-6
Let h = -15 - -15. Let n(t) = 4*t + h*t + 5 - 3*t - 4*t. What is n(4)?
-7
Let p = -27 + 26. Suppose -q - 2*q = -5*r + 14, -r - 6 = -5*q. Let g(f) = 12*f**3 + f**q - 11 + 31 - 19 + f. What is g(p)?
-11
Suppose 0 = -6*n - 174 + 180. Let m(q) = 7*q. Determine m(n).
7
Suppose -38*k + 34*k + 20 = 0. Let y(j) = j**2 - 4*j + 6. Give y(k).
11
Let c be (-1)/(4/(-8)*(-6)/(-189)). Suppose -5*o = -12*o + c. Let j(m) = m**3 - 10*m**2 + 11*m - 12. Give j(o).
6
Let w = -6 + 11. Let o(b) = -b + 4*b**2 - 1 - w*b**2 + 3*b**2 - 3*b**2. Suppose -3*l - 1 = -2*x - 2*l, -x = 5*l + 27. Calculate o(x).
-3
Let k = 5 + -13. Let q = 4 + k. Let g(t) = 4*t + 13. Let c be g(q). Let z(p) = -2*p**2 - p + 4. What is z(c)?
-11
Let d = 4 - 6. Let x be (-7)/28 - 5/(-4). Let p(g) = 0*g - x + 5*g - 3*g + 2*g. Calculate p(d).
-9
Let i(l) be the second derivative of -l**4/6 + l**2 - 180*l. Give i(-2).
-6
Let n(y) be the third derivative of y**6/10 + y**5/30 - y**3/6 - 17*y**2. What is n(1)?
13
Suppose -2*p = 36*p + 190. Let j(z) = 2*z + 6. Determine j(p).
-4
Let o(z) = -3*z - 30. Suppose -5*k = -2*t + 52, 5*t + 57 = -3*k + 1. Give o(k).
6
Let z = 1 + 1. Suppose -o + 84 = z*o. Let t be o/6 + (-2)/(-6). Let c(j) = j**2 - 3*j - 3. Give c(t).
7
Let u = 23 - 2. Suppose 11*p - u = 4*p. Suppose -m - 6*s + p*s = -17, -4*m + 3*s - 7 = 0. Let i(l) = 3*l**2 - 2*l - 1. Calculate i(m).
7
Let t(y) = -y + 9. Let g be t(8). Suppose b + l + g = 0, -b - 2*l - 13 = 3*l. Suppose -2 = -3*o + b*o. Let f(a) = 3*a**2 - 2*a - 1. What is f(o)?
7
Let u(h) = 5*h**3 + 17*h**2 - 5*h + 8. Let n(f) = -f**3 - 5*f**2 + f - 1. Let m(d) = -4*n(d) - u(d). What is m(4)?
-16
Let t(u) = -u**3 + 4*u**2 - 3*u + 2. Let n be (-12)/(-42) + (-26)/(-7). Suppose -2*m - w = -2, -n*m - 6 - 2 = 5*w. What is t(m)?
2
Let x(o) be the first derivative of -2*o**3/3 + 3*o**2 + 10*o - 786. Give x(4).
2
Suppose -m = 4*s - 2 - 31, 56 = 4*m - 3*s. Let l(v) = -v**3 + 17*v**2 + v - 18. Calculate l(m).
-1
Let y be (-1 - -19)/3 + 4. Suppose -2*j - 3 = 3*o, 5*j + 2*o + 2 = -0. Suppose -6*q + 11*q - y = j. Let i(p) = -p**2 - 2*p + 3. Give i(q).
-5
Suppose 4*c - 1 = 3, -d = 2*c + 4. Let h(v) be the third derivative of v**4/8 + 5*v**3/2 + 3*v**2. What is h(d)?
-3
Let c = 1344 - 752. Let a(x) = 593*x**2 - 11 - c*x**2 + 0. Give a(0).
-11
Let x(i) = -12*i - 4*i - 11*i + 20 + 28*i. What is x(-12)?
8
Suppose 0 = -14*z + 4*z + 30. Let y = -3 - -1. Let i(u) = -u - 3. Let j(b) = 2*b + 4. Let p(q) = y*j(q) - 3*i(q). What is p(z)?
-2
Let b(p) = 3*p**3 - 5*p**3 + p**3 + 5 + 4*p**2. Let o be -8*(-2 - 6/(-4)). Determine b(o).
5
Let r(k) = k**2 + k**3 + 4*k + 8 - 3*k + 0*k**2. Let q(o) = o**3 + 10*o**2 + 9*o + 12. Let n be q(-9). Let j be (3/n + (-1)/4)/2. Give r(j).
8
Suppose 11*l - 25 = 16*l. Let m(p) = p**2 - p - 18. Calculate m(l).
12
Let j(h) = -1. Let p(f) be the first derivative of -2 + 10*f - 3/2*f**2. Let k(d) = 6*j(d) + p(d). Determine k(-3).
13
Let r(x) = -7*x**3 + x**2 + 4*x + 4. Let i(n) = 8*n**3 - n**2 - 5*n - 5. Let k(d) = -5*i(d) - 6*r(d). Suppose 0 = -5*g - 8 + 3. Give k(g).
-3
Suppose -35 = 20*d - 25*d. Let c(j) = -6*j + 9*j + 8 - j**2 - d. Give c(3).
1
Let n(j) = 15*j**2 + 9*j + 3 + 18*j**2 + 7 - 32*j**2 + 2. What is n(-8)?
4
Let n = -36 - -31. Let r(b) be the second derivative of -b**3/6 + 3*b**2/2 - 13*b. What is r(n)?
8
Let r = 81 - 54. Let s = r + -22. Suppose -6 = -s*k + 3*k. Let v(i) = i**2 - i. Calculate v(k).
6
Suppose -5*k - 40 = -3*i - 2*i, -20 = -4*i. Let x(t) = t**2 + t - 1. Calculate x(k).
5
Let x(i) = i**3 + 7*i**2 + i - 1. Let o be 7/1*1/(-5 + 4). Calculate x(o).
-8
Let y(f) = -f**3 + 9*f**2 + 2*f - 4. Let b = 171 + -162. What is y(b)?
14
Let g(n) be the third derivative of 8*n**4/3 - n**3/6 - 172*n**2. Calculate g(-1).
-65
Suppose 10*i = 11*i - 3. Suppose -3 = -p + 2*c - 3*c, 5*p = -i*c + 17. Let w(r) = -r**3 + 5*r**2 - 5*r - 4. Calculate w(p).
-8
Let g(s) = s - 17. Suppose 0 = -3*q - 3*q + 72. Calculate g(q).
-5
Let l(k) = -k + 1. Let g = -4 + 3. Let f(a) = -5*a + 3. Suppose 3*d - 3 - 9 = 0, 0 = o + 2*d - 12. Let w(n) = g*f(n) + o*l(n). Give w(6).
7
Let i be 7/(-2)*(306/21 - 14). Let y(h) = 4*h**2 - h - 3. What is y(i)?
15
Let m(d) = d**3 + d**2 - 4*d - 3. Suppose 0*f = -f - 5*t - 20, 3*f - 5*t - 20 = 0. Suppose 4 = -4*p - f. Let g be -1 - -1*p/1. Determine m(g).
1
Let l(d) = -2*d**2 - 4*d - 4. Let y(a) = -35*a - 143. Let h be y(-4). What is l(h)?
-10
Let r(z) = -z + 1. Suppose -4*j + 88 = 24. Let q = 61 + -58. Suppose -i = q*i + j. What is r(i)?
5
Suppose 392 = 2*r - 172. Let c(n) = 277*n + 0*n**3 + n**3 + 4*n**2 - r*n. Calculate c(-5).
0
Let o be (1162/22 + 20/110)/(-1). Let b = o - -53. Let a(c) = c + 3. What is a(b)?
3
Let c(s) = -s**2 - 26*s - 74. Let z be c(-23). Let o(t) = t**2 + 7*t + 4. Determine o(z).
-6
Let b be ((-106)/265)/((-2)/(-5)). Let j(i) = -i + 3*i + 3 - 5*i**3 - 2 + 0*i. Calculate j(b).
4
Let y(k) = -5*k**2 - 13*k + 9. Let u(a) = -a**2 - a. Let h(g) = -6*u(g) + y(g). What is h(4)?
-3
Suppose 10*d = -0*d + 5*d. Suppose -2*h - 52 + 46 = d. Let b(t) = t**3 + 4*t**2 + 2*t + 1. Give b(h).
4
Let a(f) = -f**3 - 16*f**2 + f + 12. Let h = -1281 + 1265. Give a(h).
-4
Let c(w) = -6*w - 10. Let t(x) = 12*x + 23. Let v(m) = -9*c(m) - 4*t(m). What is v(3)?
16
Let f(n) = n**2 - 7*n - 9. Let r(b) = -3*b**2 + 13*b + 18. Let m(o) = -5*f(o) - 2*r(o). What is m(-8)?
1
Let a = -3323 - -3330. Let x(h) be the second derivative of -h**5/20 + 2*h**4/3 - 4*h**3/3 + 3*h**2 - 2*h. Calculate x(a).
-1
Let g(q) be the third derivative of -q**6/20 + q**3/6 + 159*q**2. Give g(1).
-5
Let x be (18/45)/(12/(-10) - -1). Let m be -8*(3/10 - x/10). Let p(t) = t**3 + 5*t**2 + 4*t + 4. What is p(m)?
4
Let a(u) = -2*u + 14. Suppose -27 = -4*m - 5*j + 14, -5*j + 25 = 0. Calculate a(m).
6
Let c(z) = 4*z**2 + 17*z + 6. Let i(o) = -3*o**2 - 16*o - 7. Let d(j) = 2*c(j) + 3*i(j). What is d(-12)?
15
Let d(u) = -u**2 - 4*u + 19. Let b be d(-6). Let n(o) = -3 + 4 + 7*o**2 - o + 0 - 2*o**3 + o**3. Give n(b).
-6
Let z(o) = 2*o + 21. Suppose 10*t - 5*t - 3*m + 40 = 0, 3*t = m - 20. What is z(t)?
11
Let u(x) = 2*x**3 + x**2 - 1. Let p(q) = 9*q**3 - 9*q**2 + 22*q - 6. Let d(s) = p(s) - 4*u(s). Let w be d(11). Let t(b) = -4*b**2 - 3*b. Calculate t(w).
-10
Let y(k) be the second derivative of 7*k**4/12 - k**2 + 5*k. Let d(